2, 11, 53
What are the prime factors of 120908?
2, 167, 181
What are the prime factors of 16708?
2, 4177
List the prime factors of 4560.
2, 3, 5, 19
What are the prime factors of 695?
5, 139
List the prime factors of 3332.
2, 7, 17
What are the prime factors of 37847?
37847
List the prime factors of 30523.
131, 233
What are the prime factors of 2720?
2, 5, 17
List the prime factors of 33437.
29, 1153
List the prime factors of 2606.
2, 1303
What are the prime factors of 69?
3, 23
What are the prime factors of 1579?
1579
List the prime factors of 851.
23, 37
List the prime factors of 949.
13, 73
List the prime factors of 34091.
73, 467
List the prime factors of 10405.
5, 2081
What are the prime factors of 1123?
1123
What are the prime factors of 64830?
2, 3, 5, 2161
List the prime factors of 10840.
2, 5, 271
List the prime factors of 56.
2, 7
What are the prime factors of 2512?
2, 157
What are the prime factors of 2689?
2689
What are the prime factors of 1026?
2, 3, 19
List the prime factors of 1906.
2, 953
List the prime factors of 5659.
5659
What are the prime factors of 7713?
3, 857
What are the prime factors of 21614?
2, 101, 107
What are the prime factors of 9622?
2, 17, 283
What are the prime factors of 1113?
3, 7, 53
What are the prime factors of 15757?
7, 2251
What are the prime factors of 41842?
2, 20921
List the prime factors of 1698.
2, 3, 283
What are the prime factors of 5278?
2, 7, 13, 29
What are the prime factors of 22833?
3, 43, 59
What are the prime factors of 730?
2, 5, 73
What are the prime factors of 60339?
3, 20113
What are the prime factors of 2123?
11, 193
What are the prime factors of 2495?
5, 499
What are the prime factors of 16478?
2, 7, 11, 107
What are the prime factors of 23939?
37, 647
List the prime factors of 1427.
1427
What are the prime factors of 19770?
2, 3, 5, 659
List the prime factors of 32401.
32401
What are the prime factors of 3538?
2, 29, 61
List the prime factors of 156643.
31, 163
List the prime factors of 18419.
113, 163
What are the prime factors of 6317?
6317
List the prime factors of 1990.
2, 5, 199
List the prime factors of 81.
3
List the prime factors of 13047.
3, 4349
What are the prime factors of 927?
3, 103
What are the prime factors of 1920?
2, 3, 5
List the prime factors of 1606.
2, 11, 73
List the prime factors of 858.
2, 3, 11, 13
What are the prime factors of 76893?
3, 19, 71
List the prime factors of 830.
2, 5, 83
What are the prime factors of 23943?
3, 23, 347
List the prime factors of 1014.
2, 3, 13
What are the prime factors of 7761?
3, 13, 199
What are the prime factors of 85833?
3, 11, 17
What are the prime factors of 1001?
7, 11, 13
List the prime factors of 7091.
7, 1013
List the prime factors of 1638.
2, 3, 7, 13
What are the prime factors of 310?
2, 5, 31
What are the prime factors of 13750?
2, 5, 11
List the prime factors of 28856.
2, 3607
List the prime factors of 410.
2, 5, 41
What are the prime factors of 1392?
2, 3, 29
What are the prime factors of 406?
2, 7, 29
What are the prime factors of 18058?
2, 9029
List the prime factors of 123217.
123217
What are the prime factors of 16522?
2, 11, 751
What are the prime factors of 11664?
2, 3
List the prime factors of 54867.
3, 18289
What are the prime factors of 5872?
2, 367
What are the prime factors of 119209?
23, 71, 73
What are the prime factors of 1776?
2, 3, 37
What are the prime factors of 359?
359
List the prime factors of 1988.
2, 7, 71
List the prime factors of 2046.
2, 3, 11, 31
List the prime factors of 11988.
2, 3, 37
List the prime factors of 79039.
79039
What are the prime factors of 45859?
11, 379
List the prime factors of 1795.
5, 359
What are the prime factors of 112243?
107, 1049
List the prime factors of 783.
3, 29
List the prime factors of 388.
2, 97
What are the prime factors of 1205?
5, 241
List the prime factors of 4070.
2, 5, 11, 37
What are the prime factors of 3199?
7, 457
List the prime factors of 1993.
1993
List the prime factors of 48299.
48299
What are the prime factors of 389?
389
List the prime factors of 2548.
2, 7, 13
What are the prime factors of 754?
2, 13, 29
What are the prime factors of 4863?
3, 1621
What are the prime factors of 2204?
2, 19, 29
List the prime factors of 151.
151
List the prime factors of 40947.
3, 13649
List the prime factors of 16850.
2, 5, 337
List the prime factors of 3721.
61
List the prime factors of 226.
2, 113
What are the prime factors of 1113?
3, 7, 53
List the prime factors of 496.
2, 31
List the prime factors of 7770.
2, 3, 5, 7, 37
List the prime factors of 1863.
3, 23
List the prime factors of 22875.
3, 5, 61
List the prime factors of 20871.
3, 773
What are the prime factors of 22454?
2, 103, 109
What are the prime factors of 1434?
2, 3, 239
What are the prime factors of 5442?
2, 3, 907
List the prime factors of 3489.
3, 1163
What are the prime factors of 48038?
2, 24019
What are the prime factors of 4480?
2, 5, 7
What are the prime factors of 7955?
5, 37, 43
List the prime factors of 3101.
7, 443
List the prime factors of 91612.
2, 37, 619
List the prime factors of 2562.
2, 3, 7, 61
What are the prime factors of 1177?
11, 107
What are the prime factors of 28511?
7, 4073
List the prime factors of 83252.
2, 13, 1601
List the prime factors of 22034.
2, 23, 479
What are the prime factors of 2064?
2, 3, 43
What are the prime factors of 31872?
2, 3, 83
List the prime factors of 1013.
1013
List the prime factors of 745.
5, 149
What are the prime factors of 38480?
2, 5, 13, 37
List the prime factors of 3136.
2, 7
List the prime factors of 180.
2, 3, 5
What are the prime factors of 45652?
2, 101, 113
List the prime factors of 2095.
5, 419
What are the prime factors of 565?
5, 113
List the prime factors of 40600.
2, 5, 7, 29
List the prime factors of 5151.
3, 17, 101
List the prime factors of 35972.
2, 17, 23
What are the prime factors of 268?
2, 67
What are the prime factors of 4359?
3, 1453
List the prime factors of 98923.
11, 17, 23
List the prime factors of 128491.
11, 11681
List the prime factors of 88616.
2, 11, 19, 53
List the prime factors of 701.
701
List the prime factors of 3181.
3181
List the prime factors of 1923.
3, 641
List the prime factors of 1555.
5, 311
List the prime factors of 6513.
3, 13, 167
What are the prime factors of 2847?
3, 13, 73
What are the prime factors of 5377?
19, 283
What are the prime factors of 45640?
2, 5, 7, 163
List the prime factors of 11061.
3, 1229
What are the prime factors of 45702?
2, 3, 2539
List the prime factors of 12311.
13, 947
List the prime factors of 21912.
2, 3, 11, 83
List the prime factors of 1628.
2, 11, 37
What are the prime factors of 2076?
2, 3, 173
What are the prime factors of 2619?
3, 97
List the prime factors of 2564.
2, 641
What are the prime factors of 517?
11, 47
What are the prime factors of 1434?
2, 3, 239
What are the prime factors of 975?
3, 5, 13
What are the prime factors of 575?
5, 23
List the prime factors of 80.
2, 5
List the prime factors of 244.
2, 61
List the prime factors of 2609.
2609
List the prime factors of 148.
2, 37
List the prime factors of 35541.
3, 11, 359
List the prime factors of 2738.
2, 37
List the prime factors of 113.
113
What are the prime factors of 27235?
5, 13, 419
List the prime factors of 2306.
2, 1153
List the prime factors of 930.
2, 3, 5, 31
What are the prime factors of 14860?
2, 5, 743
What are the prime factors of 706?
2, 353
List the prime factors of 24206.
2, 7, 13, 19
List the prime factors of 136223.
136223
What are the prime factors of 47028?
2, 3, 3919
What are the prime factors of 47263?
151, 313
What are the prime factors of 83316?
2, 3, 53, 131
List the prime factors of 4946.
2, 2473
What are the prime factors of 1423?
1423
List the prime factors of 41527.
131, 317
What are the prime factors of 33954?
2, 3, 5659
List the prime factors of 13163.
13163
What are the prime factors of 1040?
2, 5, 13
What are the prime factors of 30778?
2, 11, 1399
List the prime factors of 3399.
3, 11, 103
What are the prime factors of 51786?
2, 3, 7, 137
What are the prime factors of 102600?
2, 3, 5, 19
What are the prime factors of 177767?
23, 59, 131
What are the prime factors of 22804?
2, 5701
What are the prime factors of 14391?
3, 13, 41
List the prime factors of